 = -r + y + l, -4*r + 3*y + 97 - 2 = 0. Calculate the remainder when r is divided by 8.
7
Suppose -f + 4*d + 13 = 0, 0 = 3*f + 2*f - 4*d - 33. Let j(w) = w**3 + 4*w**2 - 5*w + 2. What is the remainder when j(-4) is divided by f?
2
Let s = -1829 + 2169. Calculate the remainder when s is divided by 18.
16
Calculate the remainder when 76 is divided by (290/(-15))/((-8)/12).
18
Let x = -7 + 11. Let h = -5 + -1. Let f(k) = k**2 + 5*k - 2. Calculate the remainder when f(h) is divided by x.
0
Let z = -53 + 6. Let i = -14 - z. Calculate the remainder when 129 is divided by i.
30
Let a = 9 - 4. Let x = -28 - -33. Suppose -y = x, 5*w + a*y = 3*w + 15. Calculate the remainder when 38 is divided by w.
18
Suppose 8*q = -p + 4*q + 25, 0 = 3*p + 3*q - 30. Calculate the remainder when 51 is divided by p.
1
Let h(z) = z**3 - 7*z**2 + 2*z - 2. Let t = 13 - 10. Suppose 0 = 4*k + 4, -t*x - 3*k + 25 = -77. What is the remainder when x is divided by h(7)?
11
Suppose z - 2 = -0*z. Suppose z*t + 9*q = 4*q + 33, -q = -5*t + 15. Suppose -5*f + 25 = 5*i, 5*f - i = i + t. What is the remainder when 4 is divided by f?
0
Let t = 79 - 52. Let o = t - 23. Let b(n) = 2*n**2 - n - 1. What is the remainder when o is divided by b(-1)?
0
Let o(v) = -17*v**3 + v + 1. Calculate the remainder when o(-1) is divided by 6.
5
Let v be (-309)/(-15) + 4/10 + -1. Suppose i = -3*i + v. What is the remainder when 14 is divided by i?
4
Calculate the remainder when (-4)/(-16) + (-30)/(-48)*398 is divided by 23.
19
Let z = -11 - -13. Let w(q) = -q**z + 14 - 12*q - 8 + 3. What is the remainder when 26 is divided by w(-12)?
8
Calculate the remainder when 1*(69 + 2) - (1 + -1) is divided by (24 - -1)/((10 - 6)/4).
21
Let o(t) = 11*t**2 - 21*t + 66. What is the remainder when o(3) is divided by 1/4 - 206/(-8)?
24
Let q = 45 + -10. Calculate the remainder when q is divided by 14.
7
Let d(r) be the first derivative of 3*r**2 - 19*r + 5. Suppose -m + 12 = 5*v, -2*v = -4*m - 7*v + 18. Calculate the remainder when d(5) is divided by m.
1
Suppose -7*h - 9 = -10*h. Suppose -s - 83 = -4*s - 2*t, h*t = -3*s + 81. What is the remainder when 56 is divided by s?
27
Let f = -57 + 31. Let k be 4/f + 2720/104. Let j = k - 19. Calculate the remainder when j is divided by 5.
2
Let b = -4 + 9. Suppose 4*z = t - 3 - 17, -2*z = -6. Let n = t - 23. Calculate the remainder when n is divided by b.
4
Let q = -1 + 3. Let r be ((-210)/12)/(1/q). Let s = r + 82. What is the remainder when s is divided by 16?
15
Let z = 3 - 3. Suppose 3*i + 12 = -z*i. Calculate the remainder when 38 is divided by 19/2 + (-2)/i.
8
Suppose 24*g + 13 - 181 = 0. Calculate the remainder when g is divided by 4.
3
Let b(t) = 2*t**3 + 4*t**2 + t - 3. Let i be b(3). Let r = i + -47. Calculate the remainder when r is divided by -1*1*(-9 + -2).
10
Calculate the remainder when 33 is divided by (-10 + 250/30)*72/(-10).
9
Suppose 304 - 109 = 15*a. What is the remainder when 38 is divided by a?
12
Let k = 759 - 752. What is the remainder when 75 is divided by k?
5
Let w(h) = -2*h**2 + 12*h + 92. Calculate the remainder when 94 is divided by w(10).
10
Suppose -4*j + 5*k - 14 = 6, 3*j + 3*k = -42. Calculate the remainder when 85 is divided by ((-162)/(-36))/((-1)/(j/1)).
40
Suppose 2*j - 33 - 9 = 0. Let d be ((-6)/(-15))/((-1)/(-5)). Calculate the remainder when d/(-6) - (-244)/3 is divided by j.
18
Suppose -m - 8 + 24 = 0. Let u be 168/m*2/3. Let q = 36 - u. Calculate the remainder when q is divided by 11.
7
Let h(f) = 4*f**2 + 16*f + 23. What is the remainder when 64 is divided by h(-4)?
18
Suppose 3*i - 4*c = -3*c + 57, -3*i + 4*c = -75. Suppose 5*k + 4*r - 219 = 0, 5*k = 4*k + 4*r + 39. What is the remainder when k is divided by i?
9
Suppose -4*x = -2*a + 82, -96 = -0*a - 3*a - 3*x. Calculate the remainder when 64 is divided by a.
29
Let x(w) = 33*w**2. Calculate the remainder when x(-1) is divided by 13.
7
Let u be 72/30*(-16 + 1). Calculate the remainder when 37 is divided by (-1)/((-9)/96) + 24/u.
7
Let x = -32 + 35. Calculate the remainder when 119 is divided by x.
2
Let x(g) = -g**2 - 1. Let s(q) = -q + 26. Let j(z) = -s(z) + x(z). Let f be j(0). Let u = f - -31. What is the remainder when 14 is divided by u?
2
Suppose -4*h + 211 = 2*d - 289, 124 = h + d. Calculate the remainder when h is divided by 68.
58
Suppose y = 16 + 70. Suppose -2*o + 24 = -y. Calculate the remainder when o is divided by 29.
26
Let b = -509 + 516. What is the remainder when 985 is divided by b?
5
What is the remainder when (-786)/2*6/(-54)*3 is divided by 24?
11
Suppose 0 = 5*m - r - 15, -3*r = 3*m + m + 7. Suppose -5*i + 5 = m*v, 4*v - 4*i - 36 - 16 = 0. What is the remainder when 119 is divided by v?
9
Let h be (-3)/(-2)*6/(-9). Let v = h - -9. Suppose -6*a + v = -5*a. Calculate the remainder when 30 is divided by a.
6
Calculate the remainder when 463 is divided by 90/6 + 6 + 3/1.
7
Suppose -41*u - 43*u = -15624. Calculate the remainder when u is divided by 16.
10
Suppose -3*i - 2*h + 101 = 0, 2*i + 0*i = 5*h + 80. Calculate the remainder when 199 is divided by i.
24
Suppose -612*n + 600*n = -912. Calculate the remainder when n is divided by 20.
16
Let c(y) = -y**3 + 18*y - 22. Calculate the remainder when 255 is divided by c(-6).
83
Suppose -3*j + 5*j = 20. Suppose -5*y = j, 2*h + 4*y - 22 = y. What is the remainder when 21 is divided by h?
7
Let p = -473 - -488. Let d(k) = 42*k**2 + k + 1. What is the remainder when d(-1) is divided by p?
12
Let v = 208 - 158. What is the remainder when 299 is divided by v?
49
Calculate the remainder when 68 is divided by -8*(-11 - (2 - 11)).
4
Let n = 434 - 376. What is the remainder when n is divided by 16?
10
Let p(j) = j**2 - 2*j + 8. Calculate the remainder when 1886 is divided by p(4).
14
Let p(h) = -20*h**3 + h. Let b = -778 + 851. What is the remainder when b is divided by p(-1)?
16
What is the remainder when 32 is divided by (-6 - -7)/(-6 + 292/48)?
8
Let j(h) = -h**3 + h + 4. Let k be j(0). Suppose -2*b = k*z - b - 90, 0 = -3*b - 6. What is the remainder when 89 is divided by z?
20
Calculate the remainder when (((-51)/4)/(-17))/(2/48) is divided by 8.
2
Let o = 62 + -22. Suppose s + 0*s + 4*v - 50 = 0, -o = -s + v. Calculate the remainder when s is divided by 22.
20
Let o be ((-13)/((-273)/36))/((-2)/(-7)). Suppose -16*t = -o*t - 50. Let u = -3 + 5. What is the remainder when t is divided by u?
1
Let r(s) = s**3 + 12*s**2 + 18*s - 15. Suppose 0 = 5*g + 35 + 15. Calculate the remainder when 8 is divided by r(g).
3
Suppose 42*q = 5336 + 7096. Calculate the remainder when q is divided by 103.
90
Let y(i) = -6 + 8 - 16*i + 7. Let a = -8 + 27. What is the remainder when y(-4) is divided by a?
16
Let t(q) = q**3 + 7*q**2 - 22*q + 20. What is the remainder when 204 is divided by t(-9)?
36
Suppose -64 = 6*o - 670. Suppose 17 - o = -4*w. Calculate the remainder when w is divided by 6.
3
Suppose -4*d - 7*r - 104 = -3*r, d + 3*r + 30 = 0. Let l = d + 51. Calculate the remainder when 80 is divided by l.
26
Let v be 13/(-3) + 1/3. Suppose -129 - 160 = 17*z. Let i = v - z. Calculate the remainder when 37 is divided by i.
11
Calculate the remainder when (-2)/(-6) - (-5)/15*128 is divided by 9.
7
Let m be ((-88)/(-10))/((-6)/(-30)). Let q = m - 32. What is the remainder when q is divided by 7?
5
Suppose 9 = 2*o + 5*t, -6 = 2*o + 3*o + 3*t. What is the remainder when 0 + (-3)/(-3) - o is divided by 2?
0
Let t = -9 - -11. Suppose -t*d = -0*d + 6, 5*d = 2*b - 211. Calculate the remainder when b is divided by 25.
23
Suppose 9*b = -2*b + 176. What is the remainder when 36 is divided by b - (1/2 + 28/(-8))?
17
Let t = 167 + -68. Let a(n) = -n**2 + 7*n - 5. Let y be a(6). Calculate the remainder when t is divided by (17/y)/(5/10).
31
Let z = -228 + 308. Calculate the remainder when z is divided by 2.
0
Let q = 536 + -524. Calculate the remainder when 43 is divided by q.
7
Calculate the remainder when (14/3)/(154/3003) is divided by 5.
1
Suppose 0 = -9*k + 4*k + 140. Suppose 67*t = 73*t - 318. Calculate the remainder when t is divided by k.
25
Let a be ((-3)/4 - -2)*4. Let d be a/(-25) + 32/10. Suppose 3*i + 2*i - 142 = -d*l, 3*l - 122 = 5*i. Calculate the remainder when l is divided by 23.
21
Suppose 3*w - 6*w - 7 = v, 0 = w + v - 1. Let h(t) = -t